165*h + 2084. Calculate the remainder when h is divided by 66.
64
Let s = -1648 + 1726. What is the remainder when 240 is divided by s?
6
Let t = -97 - -154. Suppose 5*i = 25, -4*d + i - 2*i = 187. Let r = d + t. Calculate the remainder when 32 is divided by r.
5
Let l be (-2)/6 + (-3)/((-9)/16). Suppose -l*j + 2*j = -7*j. What is the remainder when 46 is divided by (-9 - 3 - j)/(-1)?
10
Suppose 3*g = -5*z + 443, 2*g + 26 = -2*z + 204. Let y = 34 - 21. What is the remainder when z is divided by y?
10
Let k be (194 - 0)*(-1)/(-2). Let y = 117 - k. Suppose -5*g + 6*g + 3*c = y, -4*g = -2*c - 38. What is the remainder when 36 is divided by g?
3
Suppose -2*v - 3*i = -92, v - 3*i + 248 = 6*v. Suppose v*c - 40 = 48*c. What is the remainder when c is divided by 5?
0
Suppose 4*t - 30 = 2*t. What is the remainder when (873252/5157)/((8/6)/2) is divided by t?
14
Suppose 18*q = 2171 + 4849. Let k = -315 + q. Calculate the remainder when 296 is divided by k.
71
Let s = -16402 - -16457. What is the remainder when 2576 is divided by s?
46
Let x(y) = y**3 + 3*y**2 - 13*y - 12. Let s be x(-5). Suppose -12 = -3*r - s. Let m(h) = 11*h. What is the remainder when m(r) is divided by 17?
16
Let f(s) = -s**3 + 15*s**2 + 14*s + 22. What is the remainder when f(-8) is divided by 14?
10
Let t = 1999 + -74. What is the remainder when t is divided by 41?
39
Suppose -3982 = -32*m + 13586. What is the remainder when m is divided by 190?
169
Let t be (160/(-72))/(-10) + (-4286)/9. Let a = -408 - t. What is the remainder when a is divided by 9?
5
Suppose 0 = -22*t + 3819 + 6992 - 383. Calculate the remainder when t is divided by 236.
2
Suppose 2279 = 3*l + 2*t, -3*l - 1146*t + 1151*t + 2293 = 0. What is the remainder when l is divided by 19?
1
Suppose 374222 = 35*c - 99013. What is the remainder when c is divided by 19?
12
Suppose 82*y - 142 = 268. Calculate the remainder when 6163 is divided by y.
3
Let s(t) = t**3 + 2*t + 37. Let q = 120 - 120. What is the remainder when 108 is divided by s(q)?
34
Calculate the remainder when (2673/165)/(6/310) is divided by 34.
21
Let w(u) = u**3 + 41*u**2 - 41*u + 44. Let c be w(-42). Calculate the remainder when c - ((9 - 16) + -746) is divided by 63.
62
Let z(i) be the first derivative of -1/2*i**4 + 3 + 6*i - i**2 - i**3. What is the remainder when z(-4) is divided by 25?
19
Suppose -110 + 415 = -5*o. Let v = o - -59. Calculate the remainder when (-13)/((-1)/(-4)*v) is divided by 7.
5
Suppose 5*s + 2*t = 19, 6*s - s + t - 22 = 0. Suppose -18*v - 5*y = -6*v - 1893, -3*v + 7*y + 399 = 0. Calculate the remainder when v is divided by s.
4
Suppose 4*d + 0*d = 2398 + 22. What is the remainder when d is divided by 197?
14
Let k = 125233 + -125169. Suppose 4*z - 32 = 404. What is the remainder when z is divided by k?
45
Suppose 1474 = -277*d + 279*d. What is the remainder when d is divided by 10?
7
Let u(y) = 8*y**2 + 17*y - 2. Let s(n) = 3*n**2 + 6*n - 1. Let x(p) = 11*s(p) - 4*u(p). Calculate the remainder when 2296/16*8/14 is divided by x(-4).
19
Suppose -6*b = -2*b - 60. What is the remainder when ((-6)/10 - (3 - 2))/((-1040)/93600) is divided by b?
9
Let y(a) = 21 + 3*a**2 + 54 - a**2 + 14. Let c be y(0). Suppose 4*x + 6 - c = i, 3*i = -x + 11. Calculate the remainder when x is divided by 11.
9
Let q be 2*(-1 + 0)*-1. Suppose 5*w + q = -3*p, -5*w - p = -5*p - 26. Suppose s = -4, 5*m + w*s - 4 = 4*m. What is the remainder when 69 is divided by m?
9
Let u = 3225 + -3009. Calculate the remainder when u is divided by 23.
9
What is the remainder when 8127 is divided by 16 - (-1 - -2)*0*(-87)/(-174)?
15
Suppose 3*z + 6 = -5*b, 5*z + 3*b = 5*b + 21. Let o be (-7)/(-7) + z*28. Suppose -17*t + o = -12*t. Calculate the remainder when 62 is divided by t.
11
Suppose -89*o - 85*o + 64 = -172*o. What is the remainder when o is divided by 14?
4
Suppose -g = -1825 + 1769. Calculate the remainder when 57 is divided by g.
1
Let d(r) = -r**2 + 2*r + 31. What is the remainder when 433 is divided by d(-4)?
6
Suppose 150*d = -99*d - 38193 + 200790. Calculate the remainder when d is divided by 16.
13
Let c(b) = -22*b**3 + 2*b**2 + 4*b + 3. Let k(q) = 3*q**2 + 85*q + 587. What is the remainder when c(-2) is divided by k(-10)?
31
Let q be (6*10/60)/(2/4). Suppose -q*n = 11*n - 10907. What is the remainder when n is divided by 84?
83
Let x = 283 - 155. Suppose 12*n - 11*n - 3*a = 122, x = n - 5*a. Calculate the remainder when n is divided by 19.
18
Calculate the remainder when (132/(-462))/((-1)/14) - -4994 is divided by 1666.
0
Calculate the remainder when (-1)/(1/1184*-4) is divided by 69/6 + (-12)/(-8).
10
Suppose 0 = -b + 5*m + 99, -5*m - 35 + 15 = 0. Calculate the remainder when 94 is divided by b.
15
Let k = 16635 - 16588. Calculate the remainder when 384 is divided by k.
8
Let r = 18597 + -1209. What is the remainder when r is divided by 94?
92
Let w(x) = 60*x - 638. Calculate the remainder when 119 is divided by w(11).
9
Let r(w) = 3*w - 10. Let x be r(4). Suppose 3*z = -4*h + 12814, 6406 = 4*h - x*h + z. Calculate the remainder when 8/(-52) - h/(-26) is divided by 25.
23
Let u be -7*(1 - (-38)/(-14)). Suppose u*f - 7*f - 205 = 0. What is the remainder when f is divided by 1/(4/12) - (4 - 7)?
5
Suppose 2*n = 74 + 10. Let q be 10324/290 - 4/(-10). Suppose 4*x - 96 + q = 0. Calculate the remainder when n is divided by x.
12
Suppose 0 = 2*k - 14 - 0. Suppose z + 4*y + 120 = 0, z - 3*y = -z - 185. Calculate the remainder when z*((-3)/5 - 0) is divided by k.
4
Let g(w) = -10*w. Let x be g(2). Let q = 9 - x. Let l = 41 - q. What is the remainder when 31 is divided by l?
7
Let m(l) = -l**2 - 11*l - 15. Let j be m(-11). Let y be (-1)/((-5)/j) + 3. Suppose 7*u - 103 + 19 = y. Calculate the remainder when 92 is divided by u.
8
Let c(u) = 4*u**2 - 149*u + 267. What is the remainder when 4364 is divided by c(37)?
224
Let g(k) = 3*k**2 - 3*k. Let c be g(2). Let u(p) = -p**3 + 6*p**2 + 7*p + 5. Suppose -139*l = -140*l + 12. Calculate the remainder when u(c) is divided by l.
11
Suppose -2*k = k - 3, -5*q = -5*k - 195. What is the remainder when q is divided by 2/2 + 1 + (-276)/(-23)?
12
Let i(f) = 2*f**2 - 8*f - 46. Let j be i(7). Suppose 0 = -4*x + t + 3600, 3*x = 2*x - 4*t + 900. What is the remainder when (x/9)/(-2 - j) is divided by 13?
11
Let v(u) = -5*u - 2. Let s be v(-1). Suppose 3*k + 28 = -5*y + 4*k, -s*y - 18 = -k. Calculate the remainder when 2*-1 + (186 - y) is divided by 48.
45
Let d(q) be the third derivative of -q**5/30 + 11*q**4/24 + q**3 + 12*q**2. Calculate the remainder when 30 is divided by d(5).
8
Let c = 7820 - 646. Calculate the remainder when c is divided by 138.
136
Suppose 4*n - 11 = 3*k, 2 = k + 3*n - 16. Let t(q) = 2*q**2 - 2*q + 2. Let i be t(2). What is the remainder when 1/k + 904/i is divided by 22?
19
Let w(o) = o**3 + 8*o**2 - 4*o + 1. Let v be 5/15*-21 + 3. What is the remainder when w(v) is divided by 14?
11
Let l(s) = 35*s**2 - 662*s - 36. What is the remainder when 127 is divided by l(19)?
1
Let q be ((-2)/6)/(6/54). Let j be 2/(-3) - 2/q. Suppose 0*y + 3*y = -15, j = 3*x + 3*y - 36. What is the remainder when 50 is divided by x?
16
Let m(d) = 3269*d**3 + d**2 + 8*d - 8. Let o be m(1). Let w = -2266 + o. What is the remainder when w is divided by 112?
108
Let l(v) = v**2 + 4*v - 11. Let z be l(-6). What is the remainder when (1/(-1))/(120/121 - z) is divided by 1/18*6 - (-190)/6?
25
Let o be (-5 + 1)*(-38 + 37). Calculate the remainder when 49 is divided by (84/(-3))/o + 26.
11
Let r(y) = 18*y + 27. Let t be r(0). Calculate the remainder when 25 is divided by 1*(-9)/t*-39.
12
Let x(g) = g**3 - 6*g**2 + 8*g - 6. Let k = 165 + -159. Suppose 4*y = k*y - 6, 3*d = -5*y + 93. Calculate the remainder when d is divided by x(5).
8
Let a(k) = k + 1. Let u = 477 - 473. Suppose 2 = o + h, -2*o - u*h + 0 + 2 = 0. Calculate the remainder when o is divided by a(2).
0
Suppose -89*s + 108*s - 1064 = 0. Calculate the remainder when (-1)/(-557*(-1)/(-139) + 4) is divided by s.
27
Let u(v) = -8*v + 108. Suppose -5*n + 90 = -0*n. What is the remainder when n is divided by u(12)?
6
Suppose 3*w + 4*l - 118 = 0, -w - 102*l = -99*l - 36. Calculate the remainder when 7*(-2)/(-1)*6 is divided by w.
0
Calculate the remainder when 3184 is divided by (-38